{"id":300,"date":"2023-03-27T15:18:02","date_gmt":"2023-03-27T15:18:02","guid":{"rendered":"https:\/\/adoring-tesla.88-198-121-67.plesk.page\/?page_id=300"},"modified":"2023-07-31T10:47:31","modified_gmt":"2023-07-31T08:47:31","slug":"foerderverein","status":"publish","type":"page","link":"https:\/\/www.grundschule-bhs.de\/?page_id=300","title":{"rendered":"F\u00f6rdervereine"},"content":{"rendered":"<style>\/*! elementor - v3.14.0 - 18-06-2023 *\/<br \/>\n.elementor-widget-image{text-align:center}.elementor-widget-image a{display:inline-block}.elementor-widget-image a img[src$=\".svg\"]{width:48px}.elementor-widget-image img{vertical-align:middle;display:inline-block}<\/style>\n<p><img fetchpriority=\"high\" decoding=\"async\" class=\"alignnone  wp-image-907\" src=\"https:\/\/www.grundschule-bhs.de\/wp-content\/uploads\/2023\/07\/kijubi-logo-300x300.jpeg\" alt=\"\" width=\"265\" height=\"265\" srcset=\"https:\/\/www.grundschule-bhs.de\/wp-content\/uploads\/2023\/07\/kijubi-logo-300x300.jpeg 300w, https:\/\/www.grundschule-bhs.de\/wp-content\/uploads\/2023\/07\/kijubi-logo-1024x1024.jpeg 1024w, https:\/\/www.grundschule-bhs.de\/wp-content\/uploads\/2023\/07\/kijubi-logo-150x150.jpeg 150w, https:\/\/www.grundschule-bhs.de\/wp-content\/uploads\/2023\/07\/kijubi-logo-768x768.jpeg 768w, https:\/\/www.grundschule-bhs.de\/wp-content\/uploads\/2023\/07\/kijubi-logo-1536x1536.jpeg 1536w, https:\/\/www.grundschule-bhs.de\/wp-content\/uploads\/2023\/07\/kijubi-logo.jpeg 2000w\" sizes=\"(max-width: 265px) 100vw, 265px\" \/><img decoding=\"async\" class=\"alignnone size-medium wp-image-925\" src=\"https:\/\/www.grundschule-bhs.de\/wp-content\/uploads\/2023\/07\/Kinder_Jugend_Foerderverein_Hausen-300x300.jpg\" alt=\"\" width=\"300\" height=\"300\" srcset=\"https:\/\/www.grundschule-bhs.de\/wp-content\/uploads\/2023\/07\/Kinder_Jugend_Foerderverein_Hausen-300x300.jpg 300w, https:\/\/www.grundschule-bhs.de\/wp-content\/uploads\/2023\/07\/Kinder_Jugend_Foerderverein_Hausen-150x150.jpg 150w, https:\/\/www.grundschule-bhs.de\/wp-content\/uploads\/2023\/07\/Kinder_Jugend_Foerderverein_Hausen.jpg 640w\" sizes=\"(max-width: 300px) 100vw, 300px\" \/> <img decoding=\"async\" class=\"alignnone size-medium wp-image-927\" src=\"https:\/\/www.grundschule-bhs.de\/wp-content\/uploads\/2023\/07\/361223900_587008750260736_2983111164895916103_n-300x300.jpeg\" alt=\"\" width=\"300\" height=\"300\" srcset=\"https:\/\/www.grundschule-bhs.de\/wp-content\/uploads\/2023\/07\/361223900_587008750260736_2983111164895916103_n-300x300.jpeg 300w, https:\/\/www.grundschule-bhs.de\/wp-content\/uploads\/2023\/07\/361223900_587008750260736_2983111164895916103_n-150x150.jpeg 150w, https:\/\/www.grundschule-bhs.de\/wp-content\/uploads\/2023\/07\/361223900_587008750260736_2983111164895916103_n.jpeg 507w\" sizes=\"(max-width: 300px) 100vw, 300px\" \/><\/p>\n<style>\/*! elementor - v3.14.0 - 18-06-2023 *\/<br \/>\n.elementor-heading-title{padding:0;margin:0;line-height:1}.elementor-widget-heading .elementor-heading-title[class*=elementor-size-]>a{color:inherit;font-size:inherit;line-height:inherit}.elementor-widget-heading .elementor-heading-title.elementor-size-small{font-size:15px}.elementor-widget-heading .elementor-heading-title.elementor-size-medium{font-size:19px}.elementor-widget-heading .elementor-heading-title.elementor-size-large{font-size:29px}.elementor-widget-heading .elementor-heading-title.elementor-size-xl{font-size:39px}.elementor-widget-heading .elementor-heading-title.elementor-size-xxl{font-size:59px}<\/style>\n<h2>Kinder- und Jugendf\u00f6rderverein Biengen &#8211; KiJuBi e.V.<\/h2>\n<p>Wir haben uns der F\u00f6rderung von Erziehung und Bildung sowie der F\u00f6rderung der Kinder- und Jugendhilfe verschrieben. Damit unterst\u00fctzen wir Euch und Eure Eltern.<\/p>\n<p>Wir sind Eure Ansprechpartner f\u00fcr alle Themen, die Kinder und Jugendliche betreffen: wir informieren Euch \u00fcber Schulprojekte, Nachmittagsbetreuung, Angebote in der Ferienzeit, Kinderdisco, Aktionen in Biengen und Umgebung.<\/p>\n<p><a href=\"http:\/\/www.kiju-Biengen.de\">http:\/\/www.kiju-Biengen.de<\/a><\/p>\n<h2>Kinder- und Jugend F\u00f6rderverein Hausen e.V.<\/h2>\n<p>Wir haben uns der F\u00f6rderung von Erziehung und Bildung sowie der F\u00f6rderung der Kinder- und Jugendhilfe verschrieben. Damit unterst\u00fctzen wir Euch und Eure Eltern.<\/p>\n<p>Wir sind Eure Ansprechpartner f\u00fcr alle Themen, die Kinder und Jugendliche betreffen: wir informieren Euch \u00fcber Schulprojekte, Nachmittagsbetreuung, Angebote in der Ferienzeit, Kinderdisco, Aktionen in Hausen und Umgebung.<\/p>\n<p><a href=\"https:\/\/www.kinder-jugend-hausen.de\">https:\/\/www.kinder-jugend-hausen.de<\/a><\/p>\n<h2><\/h2>\n<h2>F\u00f6rderverein f\u00fcr Jugendliche und Kinder Schlatt e.V. &#8211; JuKi Schlatt<\/h2>\n<p>Wir wollen Freizeit-, Bildungs- und Betreuungsm\u00f6glichkeiten f\u00fcr Kinder und Jugendliche in Schlatt f\u00f6rdern, initiieren, bestehende Strukturen z.B. der Vereine unterst\u00fctzen und die eigenen Aktivit\u00e4ten darin einbinden.<\/p>\n<p><a href=\"http:\/\/www.juki-schlatt.de\">http:\/\/www.juki-schlatt.de<\/a><\/p>\n<h2><\/h2>\n<h2><\/h2>\n<h2><\/h2>\n","protected":false},"excerpt":{"rendered":"<p>Kinder- und Jugendf\u00f6rderverein Biengen &#8211; KiJuBi e.V. Wir haben uns der F\u00f6rderung von Erziehung und Bildung sowie der F\u00f6rderung der Kinder- und Jugendhilfe verschrieben. Damit unterst\u00fctzen wir Euch und Eure [&hellip;]<\/p>\n","protected":false},"author":1,"featured_media":0,"parent":0,"menu_order":0,"comment_status":"closed","ping_status":"closed","template":"","meta":{"site-sidebar-layout":"no-sidebar","site-content-layout":"page-builder","ast-site-content-layout":"default","site-content-style":"default","site-sidebar-style":"default","ast-global-header-display":"","ast-banner-title-visibility":"","ast-main-header-display":"","ast-hfb-above-header-display":"","ast-hfb-below-header-display":"","ast-hfb-mobile-header-display":"","site-post-title":"disabled","ast-breadcrumbs-content":"","ast-featured-img":"disabled","footer-sml-layout":"","ast-disable-related-posts":"","theme-transparent-header-meta":"","adv-header-id-meta":"","stick-header-meta":"","header-above-stick-meta":"","header-main-stick-meta":"","header-below-stick-meta":"","astra-migrate-meta-layouts":"default","ast-page-background-enabled":"default","ast-page-background-meta":{"desktop":{"background-color":"var(--ast-global-color-4)","background-image":"","background-repeat":"repeat","background-position":"center center","background-size":"auto","background-attachment":"scroll","background-type":"","background-media":"","overlay-type":"","overlay-color":"","overlay-opacity":"","overlay-gradient":""},"tablet":{"background-color":"","background-image":"","background-repeat":"repeat","background-position":"center center","background-size":"auto","background-attachment":"scroll","background-type":"","background-media":"","overlay-type":"","overlay-color":"","overlay-opacity":"","overlay-gradient":""},"mobile":{"background-color":"","background-image":"","background-repeat":"repeat","background-position":"center center","background-size":"auto","background-attachment":"scroll","background-type":"","background-media":"","overlay-type":"","overlay-color":"","overlay-opacity":"","overlay-gradient":""}},"ast-content-background-meta":{"desktop":{"background-color":"var(--ast-global-color-5)","background-image":"","background-repeat":"repeat","background-position":"center center","background-size":"auto","background-attachment":"scroll","background-type":"","background-media":"","overlay-type":"","overlay-color":"","overlay-opacity":"","overlay-gradient":""},"tablet":{"background-color":"var(--ast-global-color-5)","background-image":"","background-repeat":"repeat","background-position":"center center","background-size":"auto","background-attachment":"scroll","background-type":"","background-media":"","overlay-type":"","overlay-color":"","overlay-opacity":"","overlay-gradient":""},"mobile":{"background-color":"var(--ast-global-color-5)","background-image":"","background-repeat":"repeat","background-position":"center center","background-size":"auto","background-attachment":"scroll","background-type":"","background-media":"","overlay-type":"","overlay-color":"","overlay-opacity":"","overlay-gradient":""}},"footnotes":""},"class_list":["post-300","page","type-page","status-publish","hentry"],"_links":{"self":[{"href":"https:\/\/www.grundschule-bhs.de\/index.php?rest_route=\/wp\/v2\/pages\/300","targetHints":{"allow":["GET"]}}],"collection":[{"href":"https:\/\/www.grundschule-bhs.de\/index.php?rest_route=\/wp\/v2\/pages"}],"about":[{"href":"https:\/\/www.grundschule-bhs.de\/index.php?rest_route=\/wp\/v2\/types\/page"}],"author":[{"embeddable":true,"href":"https:\/\/www.grundschule-bhs.de\/index.php?rest_route=\/wp\/v2\/users\/1"}],"replies":[{"embeddable":true,"href":"https:\/\/www.grundschule-bhs.de\/index.php?rest_route=%2Fwp%2Fv2%2Fcomments&post=300"}],"version-history":[{"count":21,"href":"https:\/\/www.grundschule-bhs.de\/index.php?rest_route=\/wp\/v2\/pages\/300\/revisions"}],"predecessor-version":[{"id":1265,"href":"https:\/\/www.grundschule-bhs.de\/index.php?rest_route=\/wp\/v2\/pages\/300\/revisions\/1265"}],"wp:attachment":[{"href":"https:\/\/www.grundschule-bhs.de\/index.php?rest_route=%2Fwp%2Fv2%2Fmedia&parent=300"}],"curies":[{"name":"wp","href":"https:\/\/api.w.org\/{rel}","templated":true}]}}